 digit of 93280?
3
What is the thousands digit of 25045?
5
What is the thousands digit of 4047?
4
What is the thousands digit of 2434?
2
What is the tens digit of 1852?
5
What is the hundreds digit of 34484?
4
What is the hundreds digit of 542?
5
What is the hundred thousands digit of 115835?
1
What is the tens digit of 3341?
4
What is the units digit of 201?
1
What is the thousands digit of 20410?
0
What is the thousands digit of 24160?
4
What is the hundreds digit of 12138?
1
What is the tens digit of 57909?
0
What is the hundreds digit of 8148?
1
What is the hundreds digit of 121935?
9
What is the thousands digit of 3210?
3
What is the units digit of 612?
2
What is the ten thousands digit of 12467?
1
What is the tens digit of 6504?
0
What is the thousands digit of 62356?
2
What is the units digit of 9838?
8
What is the tens digit of 345?
4
What is the tens digit of 1268?
6
What is the units digit of 4849?
9
What is the tens digit of 4323?
2
What is the tens digit of 637?
3
What is the hundreds digit of 319?
3
What is the thousands digit of 20297?
0
What is the thousands digit of 7301?
7
What is the thousands digit of 1983?
1
What is the tens digit of 2440?
4
What is the thousands digit of 3348?
3
What is the hundreds digit of 6403?
4
What is the units digit of 136?
6
What is the units digit of 56?
6
What is the tens digit of 107253?
5
What is the units digit of 2401?
1
What is the hundreds digit of 939?
9
What is the tens digit of 62530?
3
What is the hundreds digit of 217?
2
What is the hundreds digit of 2194?
1
What is the ten thousands digit of 47131?
4
What is the tens digit of 1305?
0
What is the hundreds digit of 7208?
2
What is the tens digit of 2966?
6
What is the thousands digit of 23400?
3
What is the tens digit of 1494?
9
What is the tens digit of 4238?
3
What is the units digit of 5561?
1
What is the thousands digit of 1495?
1
What is the hundreds digit of 7113?
1
What is the tens digit of 661?
6
What is the ten thousands digit of 12507?
1
What is the units digit of 15783?
3
What is the thousands digit of 26974?
6
What is the ten thousands digit of 115213?
1
What is the thousands digit of 56135?
6
What is the hundreds digit of 9881?
8
What is the thousands digit of 2602?
2
What is the ten thousands digit of 30747?
3
What is the ten thousands digit of 26783?
2
What is the tens digit of 83689?
8
What is the tens digit of 8054?
5
What is the units digit of 14743?
3
What is the hundreds digit of 392?
3
What is the units digit of 2962?
2
What is the hundreds digit of 6092?
0
What is the hundreds digit of 7329?
3
What is the thousands digit of 5866?
5
What is the ten thousands digit of 12642?
1
What is the units digit of 689?
9
What is the hundreds digit of 779?
7
What is the hundreds digit of 1008?
0
What is the ten thousands digit of 18672?
1
What is the units digit of 9290?
0
What is the tens digit of 882?
8
What is the thousands digit of 13900?
3
What is the tens digit of 1726?
2
What is the hundreds digit of 4017?
0
What is the hundreds digit of 1267?
2
What is the ten thousands digit of 158302?
5
What is the hundreds digit of 815?
8
What is the hundreds digit of 107594?
5
What is the units digit of 2430?
0
What is the units digit of 4013?
3
What is the units digit of 88932?
2
What is the units digit of 23437?
7
What is the thousands digit of 15236?
5
What is the thousands digit of 15700?
5
What is the tens digit of 268?
6
What is the tens digit of 1865?
6
What is the thousands digit of 4607?
4
What is the units digit of 6170?
0
What is the thousands digit of 4248?
4
What is the tens digit of 31205?
0
What is the hundreds digit of 3991?
9
What is the units digit of 218?
8
What is the hundreds digit of 853?
8
What is the tens digit of 1730?
3
What is the units digit of 1780?
0
What is the thousands digit of 1998?
1
What is the hundreds digit of 380?
3
What is the ten thousands digit of 81388?
8
What is the hundreds digit of 33016?
0
What is the units digit of 3274?
4
What is the tens digit of 2393?
9
What is the units digit of 3338?
8
What is the units digit of 8520?
0
What is the tens digit of 2793?
9
What is the hundreds digit of 10517?
5
What is the tens digit of 22819?
1
What is the units digit of 334?
4
What is the thousands digit of 24925?
4
What is the units digit of 688?
8
What is the units digit of 1127?
7
What is the tens digit of 1658?
5
What is the tens digit of 13014?
1
What is the tens digit of 5750?
5
What is the thousands digit of 3253?
3
What is the units digit of 14262?
2
What is the ten thousands digit of 17257?
1
What is the units digit of 4364?
4
What is the tens digit of 60?
6
What is the tens digit of 21369?
6
What is the hundreds digit of 72057?
0
What is the hundreds digit of 3255?
2
What is the hundreds digit of 32001?
0
What is the thousands digit of 6262?
6
What is the thousands digit of 6631?
6
What is the hundreds digit of 1292?
2
What is the units digit of 24400?
0
What is the units digit of 52625?
5
What is the tens digit of 1112?
1
What is the hundreds digit of 2220?
2
What is the thousands digit of 1663?
1
What is the tens digit of 55053?
5
What is the thousands digit of 8080?
8
What is the hundreds digit of 50759?
7
What is the tens digit of 8128?
2
What is the tens digit of 7791?
9
What is the hundreds digit of 325?
3
What is the units digit of 1712?
2
What is the thousands digit of 1377?
1
What is the thousands digit of 2054?
2
What is the units digit of 3578?
8
What is the thousands digit of 6648?
6
What is the hundreds digit of 44019?
0
What is the hundreds digit of 430?
4
What is the hundreds digit of 8390?
3
What is the tens digit of 793?
9
What is the tens digit of 1182?
8
What is the thousands digit of 5102?
5
What is the thousands digit of 14352?
4
What is the units digit of 1432?
2
What is the units digit of 6342?
2
What is the units digit of 3522?
2
What is the tens digit of 34761?
6
What is the thousands digit of 4541?
4
What is the tens digit of 5630?
3
What is the hundreds digit of 4515?
5
What is the hundreds digit of 5004?
0
What is the hundreds digit of 74915?
9
What is the hundreds digit of 945?
9
What is the tens digit of 1511?
1
What is the units digit of 79349?
9
What is the thousands digit of 13547?
3
What is the tens digit of 2740?
4
What is the hundreds digit of 42319?
3
What is the thousands digit of 5829?
5
What is the tens digit of 15612?
1
What is the units digit of 2032?
2
What is the hundreds digit of 1549?
5
What is the tens digit of 10150?
5
What is the tens digit of 32014?
1
What is the hundreds digit of 11399?
3
What is the units digit of 4646?
6
What is the hundreds digit of 4261?
2
What is the ten thousands digit of 12593?
1
What is the tens digit of 38523?
2
What is the hundreds digit of 967?
9
What is the ten thousands digit of 58095?
5
What is the hundreds digit of 59690?
6
What is the units digit of 207?
7
What is the ten thousands digit of 133934?
3
What is the units digit of 106082?
2
What is the tens digit of 95127?
2
What is the ten thousands digit of 20245?
2
What is the units digit of 49026?
6
What is the units digit of 2439?
9
What is the hundreds digit of 19305?
3
What is the tens digit of 54840?
4
What is the hundreds digit of 9357?
3
What is the tens digit of 4592?
9
What is the tens digit of 40241?
4
What is the hundreds digit of 16306?
3
What is the hundreds digit of 63140?
1
What is the hundreds digit of 1944?
9
What is the thousands digit of 1553?
1
What is the hundreds digit of 5024?
0
What is the units digit of 40989?
9
What is the thousands digit of 46915?
6
What is the hundreds digit of 486?
4
What is the thousands digit of 4872?
4
What is the ten thousands digit of 193072?
9
What is the tens digit of 565?
6
What is the tens digit of 1262?
6
What is the tens digit of 188?
8
What is the tens digit of 434?
3
What is the units digit of 8124?
4
What is the units digit of 785?
5
What is the units digit of 26942?
2
What is the thousands digit of 51601?
1
What is the units digit of 5293?
3
What is the tens digit of 495?
9
What is the thousands digit of 24041?
4
What is the tens digit of 37038?
3
What is the units digit of 794?
4
What is the units digit of 2231?
1
What is the thousands digit of 11529?
1
What is the hundreds digit of 1839?
8
W